divisor of 3 and i?
3
Let h be 37 - 1/(-4)*0. Calculate the greatest common factor of h and 185.
37
Suppose -6*d = -2*d - 12. Suppose -8 = -d*q + 1. Suppose 4*l - 5*x - 48 = 0, -4*x + 20 = 5*l - 40. Calculate the greatest common factor of l and q.
3
Suppose 22*o = 20*o + 36. What is the highest common factor of o and 27?
9
Let i(t) = -t**2 - 6*t + 8. Let x be i(-6). Suppose -2*u + 0 = -x. Suppose 0 = -0*s - s + 12. What is the greatest common factor of s and u?
4
Let s(t) = -4*t**3 - 3*t**2 - 3*t. Let w be s(-2). Calculate the greatest common factor of w and 65.
13
Suppose 2*s - 2 = -s + 4*m, 4*m = 4. Calculate the greatest common divisor of s and 14.
2
Let u be (21 + -2 + -2)*1. Calculate the greatest common factor of 136 and u.
17
Let h = 6 - -2. Suppose 0*d + 2*d = y + 12, -5*y - 15 = -d. Let j(t) = -t**3 + 7*t**2 - 6*t. Let v be j(d). What is the greatest common divisor of h and v?
4
Suppose 2*i + 13 = 39. Calculate the greatest common factor of i and 65.
13
Suppose v - 5 = 0, 2*v = 2*r - 0*r - 42. Suppose 0*a + 2*a - r = 0. What is the highest common divisor of a and 26?
13
Let p be ((-13)/3 + 0)*-3. Calculate the highest common divisor of 52 and p.
13
Suppose i - 9 = -4. Let p be (-4 + -2 + i)*-12. What is the highest common divisor of p and 4?
4
Let z(v) = 4*v**2 - 5*v + 5. Let a be z(2). What is the highest common factor of a and 88?
11
Suppose -2*h = 3*m + 3*h - 55, -m + 20 = 2*h. Suppose 5*t - t = 212. Suppose 50 = 2*r + 3*f, 5*r - 72 = 4*f + t. What is the greatest common factor of m and r?
5
Let z = -7 + 3. Let x be (-2)/(((-16)/(-14))/z). Calculate the greatest common factor of x and 7.
7
Suppose 0 = 5*r - 403 - 132. Let k = -37 + r. Calculate the greatest common factor of 10 and k.
10
Suppose -2 = -3*s + 2*y, -2*s + 5*y - 8 = 9. Suppose s*g = g + 225. Calculate the highest common factor of g and 15.
15
Suppose -4*l + 5*l = 60. Calculate the highest common divisor of l and 12.
12
Suppose 0 = -5*w + 630 - 135. Calculate the greatest common factor of w and 11.
11
Suppose 4 + 1 = 5*b. Let c be b/(((-14)/20)/7). Let d = c - -50. Calculate the highest common factor of 5 and d.
5
Suppose -6*k = k - 1008. What is the greatest common divisor of k and 16?
16
Suppose 2*g - 5*l = 10, g + 0*g + l = -2. Suppose -2*p + 0*c + 5*c + 27 = g, 67 = 4*p + 3*c. Calculate the highest common factor of 176 and p.
16
Suppose -p = -6*p + 120. What is the highest common divisor of 60 and p?
12
Suppose u + 90 = 6*u. Suppose -s = -u - 9. Calculate the greatest common factor of 3 and s.
3
Let c(s) = s**3 - s**2 + s - 2. Let i be c(3). Calculate the highest common factor of i and 19.
19
Let h be (-2)/(-6) + 41/3. Let u(s) = s**3 + 3*s**2 - 4*s + 2. Let x be u(4). Calculate the greatest common factor of x and h.
14
Let d(q) = q**3 + 12*q**2 + 12*q - 12. Let p be d(-11). Let r = 51 + p. Suppose -v + 2*v - 14 = 0. Calculate the highest common factor of v and r.
14
Let v(n) = 3*n - 1. Let o be v(1). Suppose o*g - 20 = 4. What is the highest common divisor of 8 and g?
4
Suppose -3*w + 3 + 3 = 0. Let x(r) = -r + 7 + w - 2. Let i be x(0). What is the highest common factor of 7 and i?
7
Let i be 83/(-9) + (-6)/(-27). Let k = 25 + i. Calculate the highest common factor of 112 and k.
16
Let r be (40/3)/(35/630). Calculate the highest common divisor of r and 30.
30
Let s = 175 + -95. What is the greatest common factor of 10 and s?
10
Let p be (-114)/(-4) + (-6)/(-4). Calculate the highest common factor of p and 6.
6
Let m = 25 + -15. Let h be 1 + (6 - 1) + -1. Calculate the highest common divisor of h and m.
5
Let a = -13 + 43. Suppose -r - 6 = -0*j - 3*j, 5*r - 3*j = a. Suppose -5*f + 180 = -f. Calculate the greatest common divisor of r and f.
9
Suppose 2*d - 32 = -220. Let r be d/(-14) + (-2)/(-7). Let f = r + 1. What is the greatest common factor of 88 and f?
8
Let a(g) = -g**2 - 3*g + 63. Let j be a(-9). What is the highest common divisor of 72 and j?
9
Let w(c) = 285*c - 6. Let p be w(-4). Let v be p/(-24) + (-2)/(-8). Calculate the highest common factor of v and 6.
6
Let b(d) = -d**2 + 7*d + 7. Let z be b(6). Let s = 17 - z. Calculate the greatest common factor of 16 and s.
4
Suppose -6*l = -4*l. Suppose 1 = -l*s + s. Calculate the greatest common factor of 8 and s.
1
Let z(b) = b**3 + 15*b**2 - 17*b + 10. Let d be z(-16). What is the highest common factor of 65 and d?
13
Let m = 2 + 3. Suppose 5*d = 5*l - 30, -l - m*d + 12 = -18. Suppose 0*p + 2*p = l, 5*r = -2*p + 505. What is the highest common factor of 9 and r?
9
Let g be (36/10)/(3/80). Let n(v) be the third derivative of v**5/60 - v**4/8 - v**3 + v**2. Let x be n(6). Calculate the highest common divisor of g and x.
12
Let o = -3 + 5. Let u be -5 - -5 - (o + -2). Suppose 3*x - p - 7 = u, x + 9 = -2*p + 2. What is the greatest common factor of x and 7?
1
Let d = -23 - -37. What is the greatest common divisor of d and 112?
14
Suppose 0 = 4*o + 17 + 3. Let r be (-2)/(-4) - 94/4. Let j = o - r. Calculate the highest common divisor of 144 and j.
18
Let a(w) be the first derivative of -w**4/4 + w**3/3 + w**2/2 + 20*w + 3. Let r be a(0). What is the greatest common factor of r and 30?
10
Suppose 4*o - 8 = -0*o. Suppose -8*c + 6*c + 12 = 0. What is the greatest common factor of o and c?
2
Let z = -59 + 247. Let q be (1 - 0)/(2/236). Let y = z - q. What is the greatest common divisor of 10 and y?
10
Let g(p) = p**2 - 5*p - 24. Let z be g(-7). What is the greatest common factor of z and 15?
15
Let v be 7/2 + (-1)/2. Suppose 13 = v*k - 23. Suppose -f + 0*y + 3*y + 81 = 0, 3*y + 369 = 4*f. Calculate the highest common factor of f and k.
12
Let h = -181 + 258. Calculate the highest common divisor of h and 11.
11
Suppose 4*y + 4*a = a + 114, 2*a + 77 = 3*y. What is the highest common divisor of y and 9?
9
Suppose 3*j - 4*b - 20 = 5*j, -32 = 5*j + 4*b. Let v = 7 + j. What is the highest common factor of 21 and v?
3
Let y = 20 + -11. Calculate the highest common factor of y and 36.
9
Suppose 6*n + 13 = 7*n + 3*r, -5*r = -20. What is the highest common divisor of 9 and n?
1
Let h be (-9)/(-36) - 1/4. Suppose -2*u = 5*y - 48, 2*y + y - 3*u - 33 = h. Let z = -5 + 10. What is the highest common factor of y and z?
5
Suppose -3*f - 105 = -3*b, -f - 125 = -12*b + 8*b. What is the greatest common divisor of 50 and b?
10
Suppose 0 = -5*x + 30 + 50. Suppose 0 = -3*j - i + 14 - 1, 4*i = x. Suppose j*t = 4*t - 3. What is the greatest common factor of 12 and t?
3
Suppose 3*m - 5*m + 2 = 0. Calculate the highest common factor of 1 and m.
1
Let j(d) = d**2 + 6*d + 8. Let b be j(-7). Calculate the greatest common divisor of 120 and b.
15
Let m = -58 - -84. Calculate the greatest common factor of m and 26.
26
Suppose -57 = -5*q + 2*k, 5*k + 24 + 25 = 4*q. What is the greatest common divisor of q and 11?
11
Let n = 719 - 472. Calculate the greatest common divisor of 19 and n.
19
Let a = 68 - 48. What is the highest common divisor of a and 12?
4
Let g = 2 + 3. Calculate the greatest common divisor of 1 and g.
1
Suppose 2*i + 146 = 5*n, 0 = -5*n + 4*i - i + 144. Calculate the greatest common divisor of n and 50.
10
Let i(g) = -g**3 + g**2 + g + 13. Let y be i(0). Let o(u) = -14*u - 8. Let n be o(-8). What is the greatest common divisor of y and n?
13
Let a(s) = 2*s**3 - 9*s**2 - 11*s. Let g be a(8). Suppose 7*c - 2*c - g = 0. Calculate the highest common factor of c and 9.
9
Suppose 0*o + 116 = n + 2*o, 0 = -3*n + 2*o + 332. What is the highest common factor of n and 7?
7
Let f(r) = -r**2 - 12*r - 14. Let g be f(-6). What is the highest common factor of g and 176?
22
Suppose 0 = 5*k - 462 - 308. Let z = -267 + 289. What is the greatest common divisor of k and z?
22
Let o(k) = -k - 8. Let b be o(-8). Suppose -3*f + 4*f = b. Suppose 3*x + 2 - 44 = f. Calculate the highest common divisor of x and 7.
7
Let x = 18 - 6. Let u = 24 - 16. What is the highest common factor of u and x?
4
Let v be (-3 + 12)*(-2)/(-2). What is the greatest common divisor of v and 6?
3
Suppose -117 = -3*t - 4*q, 6*q = -5*t + q + 190. Calculate the highest common factor of t and 5.
5
Suppose -30 = -20*i + 230. Let r(x) = 4*x**2 - x + 5. Let q be r(6). What is the greatest common divisor of i and q?
13
Suppose u - 66 = 5*h, -2*u - 4*h + h + 197 = 0. What is the greatest c